e second derivative of -t**4/4 - 14*t**3/3 - 25*t**2/2 + 6*t - 69. Calculate s(-10).
-45
Let w = 36039 + -36040. Let p(x) = -9*x**3 - 2*x**2 - 2*x. What is p(w)?
9
Suppose -t + 2*t - 3*l = 22, -2 = 2*l. Suppose 3*b - 4*x + 33 = 0, 4*b + t = -x - 25. Let y(p) = -p**3 - 11*p**2 + p + 1. Calculate y(b).
-10
Let c(l) = -3*l + 17. Let x be -4 - -8 - (31 + -35). What is c(x)?
-7
Let x = 615/202 - -46/101. Let k(h) be the second derivative of 0 - 7/12*h**4 + x*h**2 - 4*h - 5/6*h**3 - 1/20*h**5. Give k(-6).
1
Let c = 6 + -46. Let p = c - -41. Let u(v) = -v - 5*v**2 + v**3 + p + 2 + 0. Calculate u(5).
-2
Let l(v) = -11*v**2 - 6*v - 3*v + 4 - 7*v + 14*v**2 + 8*v. Determine l(2).
0
Let z(w) = 12*w - 24. Let i(r) = -3*r + 6. Let c(a) = -9*i(a) - 2*z(a). Let p(s) = -7*s + 13. Let d(j) = 9*c(j) + 4*p(j). Let m = -8 + 3. Determine d(m).
3
Let c(b) = 7*b**2 - 2*b - 2. Let r(p) = 14*p**2 - 5 - 5*p + 2*p**2 - p**2. Suppose -2*q - 345 = -333. Let g(t) = q*r(t) + 13*c(t). What is g(-6)?
16
Let w(l) = 296 + 28*l - 986 + 252 + 234 + 298. What is w(-6)?
-74
Let i(u) = -u**3 + 7*u**2 - 5*u + 4. Let s = -58 - -80. Let b be 16/88 - ((-766)/s - -1). Suppose -2*v = 4*f - b, -5*f - 4*v + 26 = -3*f. Determine i(f).
-31
Let o = 8749 - 8746. Let x(p) = -p**3 + 5*p**2 + 4*p - 1. Determine x(o).
29
Let w(s) = s**3 + 2*s**2 - s. Let n be 3/4 - 4/(48/381). Let y = 40 + n. Suppose -y*u + 14*u = 5. Calculate w(u).
2
Let s(z) = -z**3 + 8*z**2 + 10*z - 6. Let u be s(9). Let i be 3 + (0 - u - -2). Let d(g) = 4 - g**3 - 4*g**2 + 2*g**3 + 0 - i*g**3 + g. Give d(-4).
0
Let w(r) = r**3 - 85*r**2 - 17 - 101*r**2 + 197*r**2 + 17*r. Calculate w(-8).
39
Let h(f) be the second derivative of 11*f**3/6 + 5*f**2 - f + 130. Determine h(6).
76
Let w be 31/(-3) + (-10)/15. Let r be (4/(-2) - -5) + (-7 - w). Let h(c) = 4 + 5*c + 3*c**2 + 3*c**2 - r*c**2. What is h(5)?
4
Suppose -20222*h = -20098*h + 744. Let t(w) = w**3 - w**2 + 1. Let y(j) = 4*j**3 + 3*j**2 - j + 1. Let g(n) = 3*t(n) - y(n). Calculate g(h).
-4
Suppose 42*x + 4 = 43*x. Let j(f) = -f - 2. Let v(l) = 20*l + 15. Let q(m) = -7*m - 5. Let w(z) = -11*q(z) - 4*v(z). Let k(h) = 5*j(h) - 2*w(h). Calculate k(x).
4
Suppose -429 = -16*p - 109. Let c(x) = -41 + 21 + p*x + 21. What is c(1)?
21
Let t(v) = v**2 + 9*v + 6. Let g = 7 - 113. Let y = g - -99. Give t(y).
-8
Suppose -12*h - 16 = -4*h. Suppose -6*c = -c + 2*w, -5 = w. Let j(u) = -1 + 7*u**c - 2*u**2 + 4 + u**3 - 4*u**2 + 3*u. What is j(h)?
-7
Let p(y) = 10*y**2 - 10*y - 12. Let n be p(-3). Let w = -112 + n. Let a(l) be the first derivative of l**4/4 + 4*l**3/3 + l**2/2 + 4*l - 3. Determine a(w).
0
Let w(z) = 7*z**2 - 5*z + 34. Let v(n) = 2*n**2 - 4*n - 6. Let m(p) = 4*v(p) - w(p). Calculate m(-4).
2
Let o(b) = -69*b + 2. Let f(i) = -17*i + 1. Let k(r) = 4*f(r) - o(r). Let a be -3 + 3 - 3 - -6. What is k(a)?
5
Suppose 35 + 175 = 35*j. Let o(l) = l**3 - l**2 + 1. Let z(m) = m**3 + 3*m**2 + 5*m + 6. Let c(b) = -2*o(b) + z(b). Give c(j).
-2
Let r(p) = p**3 + 2*p**2 + p + 3. Let s be (-2)/11 + 9/((-198)/(-136)). Suppose 2*d - 4*d - s = 0. Calculate r(d).
-9
Let s(b) = 10*b + 266. Suppose -131 = -12*j + 17*j - i, -5*j + 2*i - 132 = 0. Give s(j).
6
Let t(g) = 185 - 4*g - 114 - g - 68 - 41. Let z = 21 + -29. Let a be t(z). Let k(b) = -b + 2. Calculate k(a).
0
Let o = -520 - -521. Suppose q + 1 = w - 14, w + 3*q = -o. Let j(z) = z**2 - 12*z - 2. What is j(w)?
-13
Suppose b - 8 = k, 4*k + 37 = b + 14. Suppose -4*p = b*i - 135, -4*p = 4*i - 22 - 158. Let t(d) = -9 + 46*d**2 - i*d**2 + 12*d - 6*d. What is t(-7)?
-2
Let n(w) be the first derivative of -w**2/2 + 22*w + 27. Let k be n(5). Let m(g) = g - 17. Give m(k).
0
Suppose 4*l + 20 = 0, 9 = -5*n - 3*l + 24. Let h(j) = n*j - 7*j + 4*j. Determine h(4).
12
Let n be -3*(5 - (-44)/(-8))*6. Let x be 4/(1 + (-45)/n). Let v(p) = -26*p**3 + p + 1. Calculate v(x).
26
Let k(u) = u**3 + 7 - u**2 + 11*u - 6*u - 2*u**3. Let z be k(-3). Let y(l) = -11*l + 22 + l**3 - 10 - 9*l**2 + 0. Calculate y(z).
2
Suppose -9*i + 6 = 60. Let v(w) be the third derivative of w**5/60 + 7*w**4/24 - 89*w**2. What is v(i)?
-6
Let m(i) = 22*i - 1. Let y(f) = f**2 - f - 2. Let n(j) = 6*j**2 - 24*j + 6. Let w(s) = n(s) - 5*y(s). Let g be w(18). Determine m(g).
-45
Let a be 2/(-4 - (-72)/20). Let d(i) be the second derivative of i**3/2 + 26*i. What is d(a)?
-15
Let o be 4/2 + (-16)/8. Let c(j) = -1 + 5 - 2 - j - 5. Determine c(o).
-3
Let s(z) = -8*z**2 - 7*z - 5. Let v(y) = -12*y**2 - 10*y - 8. Let c(w) = 8*s(w) - 5*v(w). Let g be c(-2). Let f(b) = 2*b**2 + 5*b + 1. Calculate f(g).
13
Let r be 1860/(-165) + (-69)/(-253). Let j(l) = -2*l - 35. Calculate j(r).
-13
Let k(q) = q**2 + 38*q - 39. Let g be k(-39). Suppose 19*l - 1 - 94 = g. Let m(c) = 6*c - 16. What is m(l)?
14
Let i(p) = -p**3 - 5*p**2 - 2*p - 3. Suppose 36*x - 1320 = 14*x. Suppose 56*j - x*j = 4*s + 32, 4*s - 2*j = -2. What is i(s)?
-15
Let q(u) be the first derivative of 3*u + 1/2*u**4 + 64 + 0*u**2 + 4/3*u**3. Determine q(-3).
-15
Let u(x) = 35*x**2 - 8*x - 4. Let h be u(5). Let z(v) = -4*v - 831 + h. Give z(-1).
4
Let k(v) be the first derivative of -1/3*v**3 + 51 + 3*v**2 + 8*v. Let l be (48/(-28))/(2/(-7)). What is k(l)?
8
Let l = 1 + 4. Let q(w) be the second derivative of w**3/6 + w**2/2 + 9*w + 1. Let u(t) = -t - 2. Let m(d) = -4*q(d) - 3*u(d). Determine m(l).
-3
Let c(a) = -13*a - 20*a - 9*a + 22*a + 47 - 11. Calculate c(6).
-84
Suppose -7499 = 5*t - 7569. Let r be -2 + 1 + 2 - -3. Suppose 2*c - t = 2*z - r*z, 4*c - 3*z = 21. Let n(g) = g**3 - 7*g**2 + 6*g - 4. Give n(c).
-4
Let h be 3/8 - 0 - 850/(-80). Let b(d) = d - 4 + 3 - 8*d + h*d. Calculate b(-2).
-9
Let w(k) = k**3 - 9*k**2 - 31*k + 1. Let b(s) = -s**3 + 10*s**2 + 28*s - 2. Let y(o) = 5*b(o) + 4*w(o). Determine y(15).
9
Let c(o) = 2*o**2 + 7*o + 4. Let x(z) = z + 33. Let l be -3*1/(-5)*(-35)/3. Let t(s) = -2*s - 49. Let h(b) = l*x(b) - 5*t(b). Let d be h(-6). Determine c(d).
8
Let l be (-10184)/(-600) - (-22)/825. Let u(s) = -2*s**2 + 37*s - 57. Calculate u(l).
-6
Let m(u) be the first derivative of -u**4/4 - u**3 + 3*u**2/2 + 10*u - 4315. What is m(0)?
10
Let t(k) = k**3 + 16*k**2 + 17*k + 27. Let s be (((-1539)/(-54))/(-19))/((-1)/(-10)). What is t(s)?
-3
Let a(n) = -4413 + 0*n - 3*n + 2*n**2 + 4417. Give a(4).
24
Let g(f) be the first derivative of 0*f + 17/2*f**2 - 3 + 1/8*f**4 - 1/6*f**3. Let i(q) be the second derivative of g(q). Determine i(3).
8
Let a(q) = -41*q**2 + 295*q - 16. Let j(f) = 8*f**2 - 55*f + 3. Let c(i) = 3*a(i) + 16*j(i). What is c(-4)?
60
Let m(p) = -4*p**2 + 3*p - 2. Let y(l) = 29*l**2 - 2*l - 2. Let i be y(-1). Suppose -3*j - 5 = -5*t - j, 0 = 3*t + 4*j - i. What is m(t)?
-29
Suppose 7*d - 11*d + 16 = 0. Let c(i) = -2*i + 8. Let s be c(d). Suppose s = 2*j - 3 - 11. Let x(h) = h**2 - 6*h - 2. What is x(j)?
5
Let s(z) = 2*z**2 + 6*z + z**2 - 2*z**2 + 5 + 0. Let v(j) be the first derivative of 49*j**2/2 - 55*j - 251. Let p be v(1). What is s(p)?
5
Let q(f) = -3*f**2 - 9*f - 9. Let s be (2 - 5)*((-286)/(-33) + -8). Give q(s).
-3
Let h(d) = 312*d - 728. Let s(v) = -78*v + 190. Let y(j) = 4*h(j) + 17*s(j). Calculate y(4).
6
Let v(t) = 4*t - 140. Let a = -27930 + 27930. Calculate v(a).
-140
Suppose 3*s + 353 = 83. Let n = 98 + s. Let k(l) = 14 - l + 2*l - 3 - n. What is k(-9)?
-6
Let r(m) = 2*m - 4. Suppose -5*v - 12 = 4*t + 1, 0 = -3*v - 15. Suppose 3*d - 34 = -4*n, 4*d - 1 = -t*n + 35. Calculate r(d).
8
Suppose -8*k = -10*k + 8. Let l be (k - 8) + 14/1. Let g be 5/2 - l/4. Let h(p) = p - 5. Give h(g).
-5
Let z(r) = -6*r + 41. Let b be z(9). Let x(m) = 15*m + 200. Let n be x(b). Let s(c) = -c**3 + 4*c**2 + 6*c + 2. Calculate s(n).
7
Let a(u) = -u**3 + 4*u**2 - 2. Suppose -90 = -5*y - 35. Let k = -11 + y. Suppose k = 5*t - 5*n - 30, 4*t - 14 = -n - 0*n. Give a(t).
-2
Let t(g) be the first derivative of 3*g**2/2 - 36*g - 304. Determine t(10).
-6
Let x(y) = y**2 + 10*y + 8. Suppose -28*i + 104 = -2*i. Let m be -2*(-5 - (-235)/40)*i. Calculate x(m).
-13
Let i(f) be the third derivative of f**5/60 - f**4/12 + f**3/6 - 8*f**2 + 1. Suppose -m - 6 = -9. Calculate i(m).
4
Let s(a) = 2*a**3 + 137*a**2 + 179*a - 1470. Let p be s(-67). Let g(c) = c**2 + 0*c**3 - c**3 - 6*c + 4*c**2. Give g(p).
-8
Let v(i) = 6*i + i**2 - 2*i**2 - 101 + 12*i + 17*